e tens digit of j?
1
Let m(p) = p**2 - 2*p - 28. What is the hundreds digit of m(-19)?
3
Let o = 761 + -485. Suppose 5*t + 221 - o = 0. What is the tens digit of t?
1
Let v be (-171)/(2 - (4 - 1)). Let m be (-14016)/(-108) - (-1 - (-14)/18). Suppose v = 7*n - m. What is the units digit of n?
3
Suppose 5*q = -l + 24, q + 4*l - 2*l = 12. Suppose q*x - 104 = -0. What is the tens digit of x?
2
Let i(p) = -p - 1. Let w be i(-7). Suppose q - 66 = -w. Suppose -q = -2*z + 6. What is the units digit of z?
3
Let w(j) = -j**2 - 21*j - 28. Let m = -24 - -12. What is the units digit of w(m)?
0
Suppose 3*u + 7 - 1 = 0, 5*z + 3*u - 6044 = 0. Suppose 2*m - 4*m + 5*i = -465, 0 = 5*m - 3*i - z. What is the units digit of m?
5
Let o(p) = -p**3 - 10*p**2 + 5*p + 6. Let z be o(-11). Let c be (z/30)/((-3)/(-20)). Suppose 13*f - 15*f = -c. What is the units digit of f?
8
Let d(h) = 8*h**3 - h. Let y be d(1). Let i be (50 - 1) + y + -5. Let b = i + -28. What is the tens digit of b?
2
Let t be (-4)/14 - (-150)/(-14). Let c = t - -13. Suppose d - 4*l = -15, -d - c = l - 12. What is the units digit of d?
5
Suppose 1 = -g - 2*t, 2*g - g + 4*t = 1. Let c be (15/(-4))/(3/(-4)). What is the units digit of c*2 - (-3)/g?
9
Let d(m) = m**3 + 5*m**2 - 10*m - 21. Let y be d(-6). Suppose 5*v + f - 264 = -3*f, -12 = y*f. What is the units digit of v?
6
Suppose -26*s - 21 = -25*s. Let i = s - -87. What is the units digit of i?
6
Let o(f) = -f**3 - 11*f**2 - 14*f - 11. Let u be o(-10). Suppose 2*p - 94 = -3*h - 7, -5*p - u = -h. What is the units digit of h?
9
What is the units digit of (-7 - -6)/((-1)/43)?
3
Suppose -1225 + 241 = -4*p. Let v = p + -169. What is the units digit of v?
7
Suppose -51 = -d + 89. Suppose 4*p + d = -4*o, 0 = -0*o - 5*o + 3*p - 175. Let r = o + 56. What is the tens digit of r?
2
Let z(b) = b**2 + 4*b - 5. Let s(u) = -u + 7. Let l be s(6). Let n be 3 + ((-4)/l)/(-4). What is the tens digit of z(n)?
2
Let x(g) = -2*g - 3. Let v be x(-2). Let k be -3 + (-11)/v + 4. What is the units digit of (216/(-40))/(2/k)?
7
What is the tens digit of (0 + 1)/(2*3/246)?
4
Let x(m) = -m**2 - 4*m - 5 - 2*m - 5*m - 2. Let u be x(-11). What is the units digit of (2/(-6))/(u/126)?
6
Suppose -5*i + 141 + 71 = -q, 4*i - 4*q - 160 = 0. Suppose -m - i + 110 = 0. What is the units digit of m?
7
Let c = 137 + 230. What is the hundreds digit of c?
3
Let u(o) = 1. Let w(t) = -t - 11. Let x(k) = 5*u(k) + w(k). Let d be x(-11). Suppose -d*i + 3*h + 73 = 0, 3*i - 43 = -0*i + 2*h. What is the units digit of i?
7
Let k(f) = -10*f - 14. Let b be k(10). Let q = b - -134. What is the units digit of q?
0
Let s(n) = 81*n**2 + 48*n + 18. What is the units digit of s(-6)?
6
Let k be -4*3/(-24)*6. Let f be 0 + 21/3 + k. What is the tens digit of f/(3/(4 - -2))?
2
Let n = -679 + 1188. What is the units digit of n?
9
Let p be 1 - 0*2/2. Let r be -8 + 6 + 3/1. What is the tens digit of p - (1 - r - 17)?
1
Suppose a - 41 = 5*c + 63, 3*c = -2*a + 195. What is the tens digit of a?
9
Suppose 5*d = -76 - 9. Let o = d - -14. What is the units digit of (-2)/o + 200/24?
9
Suppose 3*n - 5*v = 9, -6*n + n + 15 = -v. Suppose -4*k + 341 = n*a, 0 = -0*a + 4*a + 20. What is the tens digit of k?
8
Let y be -18 + 2 + 4 - 4. What is the units digit of -2*(-212)/y*-2?
3
Suppose 0*u - 8 = 4*u, 0 = 5*n + 2*u - 1321. What is the hundreds digit of n?
2
Let p(z) = -z**3 - 11*z**2 + 33*z + 54. What is the units digit of p(-22)?
2
Let k = -6 + 8. Let y(r) be the first derivative of 5*r**2/2 - r + 70. What is the units digit of y(k)?
9
Suppose d - 2 = 2. Let j(u) = -2 + u - u + d*u. What is the units digit of j(6)?
2
Suppose 2*r - 797 = r - 5*s, 3*r + 5*s = 2391. Suppose -o + 3*o = 3*h - 793, -o = -3*h + r. What is the hundreds digit of h?
2
Let c be (1 - 28/24)*(4 + -10). What is the hundreds digit of 2/8*(770 + c + -7)?
1
Suppose 5*x - 464 = -2*f, 8 - 5 = -f. Let c = x - 56. What is the units digit of c?
8
Let k(n) = 3*n**2 + 9*n + 17. What is the tens digit of k(16)?
2
Suppose 1 = -4*p - 51. Let z(f) = -f + 14. Let g(v) = -v + 18. Let d(j) = -2*g(j) + 3*z(j). What is the units digit of d(p)?
9
Let f(s) = 2*s + 4. Let z be f(-2). Suppose 0 = 3*u + k - 61, 4*u + z*k - 84 = -4*k. What is the tens digit of u?
2
Let q(f) = -f**2 - 5*f + 3. Let c(x) = -2*x + 3. Let d be c(4). Let v be q(d). Suppose -3*j = v*t - 15, -31 = -2*j + 3*t + 2*t. What is the units digit of j?
8
Let d(n) = n**2 + 4*n + 8. What is the tens digit of d(11)?
7
Let k be ((-36)/15)/((-15)/400). Suppose 4*f = -o + k + 145, -2*f = -2*o - 112. What is the units digit of f?
3
Let i(s) = 214*s**2 + 20*s - 22. What is the units digit of i(1)?
2
Suppose -5*p + 2339 = -2*j - 2657, -3*j - 1007 = -p. What is the tens digit of p?
9
Let x(c) = -16*c + 80. What is the units digit of x(-22)?
2
Let z(p) = 560*p - 26. What is the units digit of z(1)?
4
Let l = 2 + 2. Suppose -l*f - 14 - 122 = 0. Let x = 72 + f. What is the tens digit of x?
3
Suppose -5*b - 2105 = 5*k - 0*b, 5*b = k + 445. Let t = -217 - k. What is the hundreds digit of t?
2
Let t(p) = -p + 12. Let g be t(8). Suppose -4*r + 115 = 5*l, -l - l + 58 = g*r. What is the tens digit of l?
1
What is the hundreds digit of 540 + (-1)/(5*(-1)/(-5))?
5
Let s be (0/(3 - 6))/(-1). Suppose -g = 2*k - 10 - 8, 4*k + 4*g - 40 = s. What is the units digit of k?
8
Let f(w) = 3*w**2 - 2*w + 2. Let n be f(2). Suppose -3*c = -c - n. Suppose -17 = b - 4*b + 5*y, 0 = c*y - 25. What is the units digit of b?
4
Let c(p) = -6*p**3 + 6*p**2 - 1. Let g(d) = 5*d**3 - 7*d**2. Let r(a) = -4*c(a) - 5*g(a). Let j be r(11). Suppose -113 = -j*h + 3. What is the tens digit of h?
2
Let b = 427 - 227. Suppose 4*l - 3*r = 404, -2*l + 2 + b = 5*r. What is the hundreds digit of l?
1
Let o(q) = -2*q**3 + 32*q**2 - 2*q - 16. What is the hundreds digit of o(15)?
4
Let u = -748 - -1464. What is the tens digit of u?
1
Let b = 23 - -20. Let s = b - 39. Suppose 2*o - s*o + 128 = 5*p, p = 3*o - 175. What is the units digit of o?
9
Let g be (-55)/11*(-4)/10. Suppose 41 = g*l - l. What is the tens digit of l?
4
Let c = 1 + 0. Let o = c + 5. What is the units digit of (11 - o/2) + 2?
0
Suppose -76*t + 4706 = -63*t. What is the tens digit of t?
6
Let w = -118 + 216. Suppose 4*d - w - 198 = 0. What is the tens digit of d?
7
Let c(f) = -f**3 + 2*f + 418. Let m be c(0). Let o = 586 - m. What is the hundreds digit of o?
1
Let k(m) = m**3 + 8*m**2 - 8*m + 12. Let j be k(-9). Suppose -2*c + j*h = 5, -4*c - 3*h - 59 = -22. Let f = 46 + c. What is the units digit of f?
9
Suppose u = -2*u - 9, 4*f - u - 15 = 0. Let g(k) = -2*k**3 + 17*k**3 - 3*k**f - k + k**2. What is the tens digit of g(1)?
1
Let p(m) = m**3 + 7*m**2 + 5*m - 5. Let x = 54 + -59. What is the tens digit of p(x)?
2
Suppose -4*r = -207 - 261. Let i = r - 40. What is the units digit of i?
7
Suppose d = -4*d + 15. Let n(x) = -4*x**2 + 4*x - 6. Let i(k) = k**2 - k + 1. Let y(z) = d*n(z) + 15*i(z). What is the units digit of y(-4)?
7
Let c be 452*(3 - 15/6). Let r = c - 92. What is the tens digit of r?
3
Let z(k) = 3*k**2 + 3*k - 38. Suppose -5*v + 3*o = -45, 4*v - 3*v = 2*o + 16. What is the tens digit of z(v)?
8
Let k(y) = -y**2 + y + 8. Let f be k(0). Suppose 2*r - 118 = -f. What is the tens digit of r?
5
Suppose -2*c + 2362 = -2922. What is the tens digit of c?
4
Suppose 2*t = 6*t - 16. Suppose 3*v + 3*m = 99, t*m + 46 + 119 = 5*v. Suppose 0 = -2*n + v + 9. What is the units digit of n?
1
Let t be (4/(-20))/((-1)/25). Suppose t*h - 16 = 4*h. What is the units digit of h?
6
Let u(f) = -f**3 - 4*f**2 - f. Suppose v = 6*v. Let l = -4 - v. What is the units digit of u(l)?
4
Let l(i) = -i**2 - 11*i - 4. Let m be l(-10). Let z(g) = g**3 - 7*g**2 + 2*g + 8. Let t be z(m). Let q = 11 - t. What is the tens digit of q?
2
Suppose -41*b - 19*b + 179880 = 0. What is the thousands digit of b?
2
Let w(s) = -s - 5. Let p(n) = 4. Let v(x) = -6*p(x) - 5*w(x). Let a be (-2)/((-2)/5)*1. What is the tens digit of v(a)?
2
Let d(o) = -o + 7. Suppose -4*p + 29 = 4*t + 13, 5*p = -t + 16. What is the units digit of d(p)?
4
Let t(v) = -89 + 20 - 7 + 31*v. What is the tens digit of t(12)?
9
Let o(q) = 105*q - 98*q - 15 + 0 + 28*q**2. What is the units digit of o(3)?
8
Let k(p) be the second derivative of -5*p**3/6 + 23*p**2/2 - 8*p. 